et h be -1*(-376)/(-4) + m + -2. Let u = h - -352. Is u a composite number?
True
Let r = -21 - -3. Let u(s) = -s**3 - 6*s**2 + 42*s - 11. Let g be u(r). Suppose n + 3896 = 5*v, 0 = 4*v - 7*n + 2*n - g. Is v composite?
True
Suppose 8 = -r, -16*r + 402707 = t - 12*r. Is t composite?
False
Let b(w) = 18 - 59 + 317*w - 37 - 61. Is b(34) prime?
True
Suppose -w = -4*y + 630870, -3*w - 28369 = y - 186080. Is y a prime number?
False
Suppose 9192 = 2*d - w - 3126663, 0 = -5*d + 2*w + 7839641. Is d a prime number?
True
Let q(z) = -z**3 + 11*z**2 - 17*z + 15. Suppose -8*i + 38 + 106 = 0. Suppose 42 - i = 4*t. Is q(t) a composite number?
True
Let l = 44 - 41. Suppose l*o + 18 = 9*o. Let s = o + 12. Is s prime?
False
Let s(h) = 10*h**3 + 9*h**2 - h + 13. Is s(16) a prime number?
True
Let q be (-530 - -29)*(3 - 2). Let p = q + 908. Is p prime?
False
Let q = 14 + -9. Suppose -5544 = -2*a + 2*o, -6190 = -3*a - q*o + 2166. Is a a prime number?
True
Suppose 9*l - 20 = 5*l. Suppose 4*k = l*u + 1383, 6*k - k + 4*u - 1739 = 0. Let a = 832 - k. Is a a composite number?
True
Suppose 2*j + 106 = 4*f + 26, f = -2*j + 30. Let z = 216 - f. Is z composite?
True
Let y(s) = 431*s - 7. Let o be (-2 - 4)*1 + 10. Is y(o) composite?
True
Suppose -32*w = -28*w - 6072. Is w/9 + (-2 - (-28)/12) composite?
True
Let v = -128156 + 91041. Let h = v - -52170. Suppose 6*d = h - 3217. Is d a prime number?
True
Let i = 222 + -222. Suppose -5*r - 4*u + 5759 = i, 4577 = 5*r + 5*u - 1183. Is r a composite number?
False
Let x(g) = 15*g + 134. Let n be x(-9). Is 5/(65/26) - (-14140 + n) composite?
False
Is -5 - (-25496397)/12 - 12/(-48) a prime number?
False
Suppose 0 = -2*d + 2 - 4, 3282 = 3*a + 3*d. Suppose -a + 7418 = l. Is l a composite number?
False
Suppose -2*p - 5*s + 200 = 0, 2*p = -3*p - 4*s + 466. Suppose -3*g = 96 - p. Let o(w) = 318*w**2 - 2*w + 1. Is o(g) composite?
False
Let s(c) be the second derivative of -c**3/6 + 4*c**2 + 16*c. Let h be s(10). Is h*((-8596)/8)/7 composite?
False
Let n(v) be the third derivative of 119*v**5/30 - v**4/12 - v**3/6 - 515*v**2 + 1. Let j be (2*1/2)/(-1). Is n(j) a composite number?
False
Let u be 13 - (-6 + 4)*-2. Suppose 1494 = u*i - 891. Is i a prime number?
False
Let w be 1*(-5163 + (0 - -2)). Let q = 16392 - 9078. Let c = q + w. Is c prime?
True
Is 45957 - (3 - 5/(-1)) composite?
False
Let p = -2122 - -4473. Suppose 6*b - 2*z = 5*b + 777, -2*z = -3*b + p. Is b prime?
True
Let m(v) = 18*v**2 + 435*v + 13. Is m(-160) prime?
False
Suppose 80*l = 79*l + 4*h + 437735, 5*h = 3*l - 1313177. Is l prime?
True
Let s be (-2 - 0)*-4308 + -4. Suppose -5*f + l = -10765, l = -4*f + 4*l + s. Is f composite?
False
Let p(q) = 48*q**2 + 63*q - 1586. Is p(81) prime?
False
Let j(n) = n**3 - 9*n**2 + 4. Let w be j(9). Let x be 88374/45 + 2/15 + 0. Suppose w*f = 4*a + x, 2*a + 6 = 5*a. Is f prime?
False
Let g(w) = 91*w**2 - 7*w - 13. Suppose -8*r + 122 = 2. Suppose r*y + 43 - 133 = 0. Is g(y) composite?
False
Let r(q) = 14*q - 55. Let p be r(7). Let o = p + -57. Let w(u) = 8*u**2 + 21*u + 45. Is w(o) prime?
True
Let s be (-3 + (-33)/(-6))/((-50)/(-20)). Is 2 + (-4 - s) + 2486 a composite number?
True
Let r(v) = 36*v**3 + 26*v**2 - 38*v + 97. Is r(25) a prime number?
True
Suppose -62*c + 391910 = -52*c. Is c composite?
False
Suppose -4*f - 41319 = -5*u + 2575, 43906 = 5*u - f. Suppose 14667 + 11676 = 3*l - 2*y, -u = -l + y. Let r = -2258 + l. Is r composite?
False
Let z = 30 - -22. Let d = z - 61. Let w(f) = -37*f - 14. Is w(d) prime?
False
Let y = -2925 + 9110. Is y composite?
True
Is -5 - -18 - 8 - (-87441 + 1) a composite number?
True
Let n be (57 - 0) + (-7 - (-7 + 3)). Suppose -49*j + n*j = 2595. Is j a prime number?
False
Let d(i) = 2*i**2 + 6*i - 5. Let c be d(5). Suppose -5 - 9 = -q + 4*g, -g = -3*q + c. Suppose -q*a + 570 = -16*a. Is a prime?
False
Suppose -2*n + 109249 = v, 0 = 4*v - 4*n + 162049 - 599117. Is v a composite number?
True
Suppose 4*t = -5*i - 2624, -2515 + 547 = 3*t + 5*i. Let p = 3688 + t. Let j = p + -1377. Is j prime?
False
Let l = 5059 + -175. Suppose -4*g + 3*o = -6904, 5*g - l - 3715 = -4*o. Is g a composite number?
False
Let x be 2/(-2) + (3 - -3). Suppose -5*r = 4*l - 25241, x*r - 23670 = 4*l + 1539. Is r a composite number?
True
Let x(q) = 36*q + 17. Let b(m) = -m. Let h(d) = -2*b(d) + x(d). Let s be h(-9). Let w = -114 - s. Is w a composite number?
False
Let h(r) = 763*r**2 - 99*r + 181. Is h(-10) prime?
True
Let b(n) = -n**3 + 10*n**2 + 122*n + 25. Let s be b(-7). Let l(f) = -14*f**3 - 5*f**2 + 3*f + 9. Let i be l(-6). Suppose -s*c - 127 + i = 0. Is c composite?
False
Suppose 2*m + 157 = -j, 14*j - 19*j + m = 785. Let c = j - -155. Is ((-1)/(-2))/((c - -8)/51096) composite?
True
Let t(h) = 17*h + 19. Let j be t(-1). Suppose -5*x = j*c + c - 7364, -4*c + 1483 = x. Is x composite?
False
Let g(d) = 46*d - 73. Let l(r) = 138*r - 218. Let v(z) = -17*g(z) + 6*l(z). Is v(12) prime?
False
Suppose -2*u - 4*c = u + 3697, c = 2*u + 2461. Let i = u - -2240. Is i composite?
False
Suppose 5*m + 1290 = -2*n, -6*m - 1944 = 3*n - 3*m. Let u = 973 + n. Is u a composite number?
True
Let w(a) = a**2 - 6*a - 32. Let q be w(9). Is 97/(-1*q/185) a composite number?
True
Let f(v) = 6*v**2 - 22*v + 139. Let h(y) = 12*y**2 - 45*y + 276. Let l(i) = 13*f(i) - 6*h(i). Is l(-24) a prime number?
False
Let b be (8/(-36) - 31420/(-45))*46. Is -1 + (b - (-8 + 10)) a prime number?
False
Let a = 26 - 24. Let m be -13 - -23 - 2*a. Is 5*12/(-90) - (-3850)/m a composite number?
False
Let b = -161 - -167. Suppose 16180 = -2*y + b*y. Is y a composite number?
True
Let t(z) = -1404*z + 7. Suppose 0 = 22*g + 117 + 147. Is t(g) a composite number?
True
Let x(t) = -t**3 + 10*t**2 - 25*t + 10. Let a be x(6). Suppose -4*c - a*w = -c - 4067, 2*c = -2*w + 2714. Is c composite?
False
Let j(x) = x**2 - 34*x - 35. Let h be j(35). Suppose 0 = 3*t - 16*w + 19*w - 2418, h = -3*t + 2*w + 2403. Is t a composite number?
True
Let b = 366 - 160. Suppose 203*r + 2631 = b*r. Is r composite?
False
Let b(s) = 4060*s - 171. Is b(8) composite?
False
Suppose 3*d + 3*h = -0*h - 36, -4*d = -h + 33. Is ((-7725)/d + -3)*(-6 - -9) composite?
True
Let x(h) = 3659*h**3 - h**2 - 10*h + 19. Is x(3) a composite number?
False
Let b(t) = 1681*t**2 - 22*t + 65. Is b(-12) a prime number?
True
Suppose -6 = -3*y, 0 = -0*k + 5*k - 3*y - 114. Let q be (1 + 3)*-1*(-18)/k. Suppose q*t - 36 - 105 = 0. Is t a prime number?
True
Let f(m) = 9199*m + 1061. Is f(18) a prime number?
True
Suppose -23*a + 3*a + 200 = 0. Suppose a*v + 22*v = 711328. Is v composite?
False
Let t(g) = -7*g - 52. Let z be t(-8). Suppose z*m - 5387 = -d, 3*m - 5391 = 5*d - 6*d. Is d a composite number?
True
Let c be (3/12 + 207/4)*1. Let n = 57 - c. Suppose -n*b = -2*h - 225, -5*b - 3*h + 114 = -2*b. Is b prime?
True
Suppose -3*b - 7326 = -3*f, 2*f - b = -4*b + 4904. Let k = f - 1557. Is k a prime number?
False
Let v be (-2)/((-8)/12)*(12 + 6). Is (178173/v)/((-3)/(-6)) a prime number?
True
Let i be 103/(-4) + (-104)/32 + 3. Let c(y) = 241*y + 142. Let o(d) = 120*d + 71. Let t(k) = -6*c(k) + 11*o(k). Is t(i) prime?
False
Let y(h) = h**3 + 2*h**2 - 51*h - 5. Let b be y(-9). Is -3691*2*b/226 prime?
True
Suppose 0 = 5*b - 6*b + 7. Let h = b - 152. Let k = 32 - h. Is k a composite number?
True
Let f = -57 - -225. Let p = 818 - f. Suppose -p = -3*l + 6349. Is l prime?
True
Let y(i) = -i - 8. Let j be y(-12). Is ((1464489/18)/13)/(2/j) composite?
False
Let j(n) = n**3 - 22*n**2 - 9*n + 4. Let m be j(10). Let o be ((4 - m) + 7)*(2 - -1). Suppose -4*b + o = 1223. Is b composite?
True
Suppose -3*h - 4*m + 16 = 0, -6*h + 2*h + 2*m + 14 = 0. Let y be 1/(3/1 - h). Is (y - (-7575)/12)/(3/12) composite?
False
Let n(a) = -a**2 - 23*a + 48. Let o be n(-25). Let y be (60/(-150))/(o/10). Suppose -2*f = -2*k + 4430, -2*k = -y*f + f - 4428. Is k a composite number?
False
Let m be (0 + 2)*(-1142)/4. Let v = m + 1837. Suppose 0 = -q - 5*q + v. Is q prime?
True
Suppose h = -0*h + 8. Suppose -h*u + 2*u = -936. Let z = 455 - u. Is z a prime number?
False
Let q(c) = 456*c**3 - 10*c**2 - 4*c + 45. Is q(4) prime?
False
Let q(i) = 3*i - 74. Let l be q(27). Is (42 - -2018) + l*-1 a composite number?
False
Let x = 570 + -540. Is -65*(-3 - 2244/x) prime?
False
Let t be (1 - -